 n*s + 7*s = -114, 2*s + 2 = 0. What is the remainder when w is divided by d?
10
Let z = -23 - -36. Suppose 2*j = 99 + z. What is the remainder when j is divided by 30?
26
Suppose -o - 97 = -3*v, 4*o - 2*v = -0*v - 368. Let k = 104 + o. What is the remainder when 88 is divided by k?
10
Let q(g) = g**2 - 6*g - 7. Let b be q(7). Let n be (5 - (b + 3))*2. Suppose n*f - a - 24 = f, -f - 5*a + 8 = 0. Calculate the remainder when 23 is divided by f.
7
Suppose 3*j - 138 = -2*j + 3*v, 4*j + 3*v = 132. Suppose 4*z - 246 = 230. What is the remainder when z is divided by j?
29
Suppose -2*p = -0*p. Let l = -185 - -190. Suppose h = -m + 6*h + 25, -l*m - 4*h + 125 = p. Calculate the remainder when 73 is divided by m.
23
Let d(j) = j**2 + 99. Let t be d(0). Calculate the remainder when 99 is divided by (-6)/(-27) - (-2453)/t.
24
Suppose -5*t + 450 = -4*x, -152 - 234 = -4*t - 2*x. Let j = 131 - t. Let s(q) = -2*q - 1. Calculate the remainder when j is divided by s(-7).
11
Let b = -21 - -30. Calculate the remainder when 17 is divided by (-30)/b*(-9)/3.
7
Let m(d) = -d**2 - 13*d. Let z be m(-10). Let j = z + -11. What is the remainder when j is divided by 5?
4
Let s(h) = -34*h - 83. What is the remainder when 270 is divided by s(-3)?
4
Let d(g) = 9*g - 2. Let k be d(3). Suppose -77 = -2*n - k. Suppose -3 + n = i. What is the remainder when i is divided by 12?
11
Let g be (1 + -3)/2 - -4. Suppose 2*a - 3*v - 158 = 0, 5*v - v - 220 = -3*a. Suppose g*y - a = -y. Calculate the remainder when y is divided by 10.
9
Let c(a) = -a - 13. Let p be c(-16). Let k be 4/18 - 1022/(-18). Suppose -p = -h + k. Calculate the remainder when h is divided by 16.
12
Suppose -3*i = -g - 17, 4*g = 3*i - 19 - 13. What is the remainder when 15 is divided by i?
3
Suppose -5195 = -5*t - 5*m, 3*t - 4300 + 1165 = 3*m. What is the remainder when t is divided by 12?
10
Let g be 170/40 + 2/(-8). Suppose -g*o + 20 = -64. What is the remainder when 82 is divided by o?
19
Let a(m) = m**3 + 5*m**2 + 5*m + 4. Suppose -2*l - 3*k - 3 = 0, l + 3*k + 3 = k. Let p(b) = 6*b + 2. What is the remainder when p(l) is divided by a(-3)?
6
Suppose -4*s = -3*s - 7. Suppose -12 = -s*f + 3*f. Let b(w) = -w - 4. What is the remainder when f is divided by b(-5)?
0
Suppose -5*q - 7 = -4*l, -q = -2*l - 5*q - 16. Let k(v) = -13*v**3 - v**2 - v + 1. What is the remainder when k(l) is divided by ((-29330)/(-168))/5 + 1/12?
33
Let p be 1/(-4) - 6065/(-20). Let g be p/15 - (-1)/(-5). What is the remainder when 82 is divided by (-1*7)/((-5)/g)?
26
Suppose 5*u + 12 = 2. What is the remainder when -1 - (u + 0) - -7 is divided by 3?
2
Suppose 0*m = -3*y - 3*m + 66, 0 = -y + 5*m + 4. Calculate the remainder when 412 is divided by y.
13
Let z(l) = l + 21. Let n be -19 + (-6)/(-2) + 0. Calculate the remainder when 9 is divided by z(n).
4
Suppose -1 = -d, -21 + 104 = 5*s - 2*d. Suppose -3*l + 3 = 0, -8*b + 4*l = -12*b + 116. What is the remainder when b is divided by s?
11
Suppose 23*v - 960 = 7*v. What is the remainder when v is divided by 23?
14
Suppose -3*t = x - 5 + 3, -x - 12 = -4*t. Suppose 2*p + 3 = -3*i, 0*p = t*p - 3*i - 27. Calculate the remainder when p is divided by -1*3/((-3)/5).
1
Suppose -2*u = -3*m + m + 6, 21 = 4*m + 5*u. Suppose -m*v = 5*x - 67, 0 = -3*x + v + 2*v + 24. Calculate the remainder when x is divided by 1/1*(8 - 1).
4
Let c(q) = 30*q + 9. Let n(o) = -10*o - 3. Let d(b) = 2*c(b) + 7*n(b). What is the remainder when 34 is divided by d(-1)?
6
Suppose 2*g = -21 + 99. Let n(w) = 2*w**2 - 13*w + 20. Let x(k) = -k**2 - 6*k + 1. Let y be x(-5). What is the remainder when g is divided by n(y)?
11
Let p(d) = -4*d - 7. Let r be p(5). Let b(f) = f**2 + 26*f + 204. Let o be b(-9). Let w = r + o. Calculate the remainder when 45 is divided by w.
21
Let h(p) = 6*p - 11*p - 12*p - 3. Calculate the remainder when 55 is divided by h(-1).
13
Let h be (-2)/(-4)*(-2 + 2). What is the remainder when h/(-11) + 63/1 is divided by 23?
17
Let j(m) be the second derivative of m**4/12 - 4*m**3/3 + 6*m**2 + 26*m. Calculate the remainder when 30 is divided by j(8).
6
Let r = -169 - -616. Calculate the remainder when r is divided by 50.
47
Let q = 17 + -13. Let m(u) = -5 + 4 + 0 + 17*u - 1. Calculate the remainder when m(q) is divided by 23.
20
Suppose 36*w - 35*w = 204. Suppose 5*v + 192 = 4*x, -4*x = -0*x - 2*v - w. Calculate the remainder when x is divided by 28.
25
Suppose -330 = -2*l + 7*l. Calculate the remainder when 56 is divided by (-1)/6 - 803/l.
8
Let a(y) = -y - 3. Let z be a(6). Suppose -4*h = 68*c - 70*c - 242, -4*h + 248 = -4*c. What is the remainder when h is divided by z*(-1 - 1/3)?
11
Let q(z) be the third derivative of 0*z - 5*z**2 - 1/30*z**5 + 1/6*z**3 + 0*z**4 + 0 + 1/15*z**6. Calculate the remainder when 32 is divided by q(1).
4
Suppose n + 485 = -4*n - 5*z, -283 = 3*n + z. What is the remainder when 61 is divided by (-4)/12*n/1?
30
Suppose -2*g - 63 + 81 = 0. Suppose 0 = -2*w + 2 - 12, -4*v - w + 47 = 0. What is the remainder when v is divided by g?
4
Let r be (-32 - -14) + (0 - 3*-1). What is the remainder when 1*(-117)/r*5 is divided by 20?
19
Suppose 5*q + s = 1002, -5*s - 996 = -5*q - 3*s. Suppose u + 4*c + 464 = 6*u, -2*c = 2*u - q. Calculate the remainder when u is divided by 11.
8
Let q be (-6)/(-21) - 1816/(-14). Let g = q - 92. What is the remainder when g is divided by ((-56)/(-21))/((-4)/(-15))?
8
Let x = -27 + 38. Let k(q) = -16*q - 192. What is the remainder when k(-16) is divided by x?
9
Suppose 0 = -4*w + w + 330. Suppose -26 = -2*z - 28, 28 = d - 5*z. What is the remainder when w is divided by d?
18
Suppose 0 = -0*j + 4*j - 68. Let f be 0*(-4*1)/4. Suppose 4*y + 4*k - 16 = 8*k, 3*k - 3 = f. What is the remainder when j is divided by y?
2
Let j be 2 + 3/(-1) - -4. Suppose 0*s + 57 = j*s. What is the remainder when s is divided by ((-10)/(-3))/(20/30)?
4
Suppose 89 + 40 = b + 4*h, 3*b - h - 374 = 0. Calculate the remainder when b is divided by 46.
33
Suppose -o - 4*m + 5 = 0, -9 - 8 = -o - m. Let k be 6/o + (-10844)/28. Calculate the remainder when 12/(-30) - k/5 is divided by 20.
17
Suppose -4417*i - 776 = -4425*i. What is the remainder when i is divided by 77?
20
Suppose 3*n = 12, -m - 4*n - n = -33. Let d be (-1)/2 - (-33)/(-2). Let k = 22 + d. What is the remainder when m is divided by k?
3
Let f = -17 - -45. Calculate the remainder when 74 is divided by (-78)/4*f/(-21).
22
Calculate the remainder when 189/(-504) - (-3515)/8 is divided by 49.
47
Let o(h) = -h**3 + 10*h**2 - 3. Let z be o(10). Calculate the remainder when 55 is divided by (-22 - -25)/(z/(-8)).
7
Let p = -1158 - -1377. Calculate the remainder when p is divided by 44.
43
Let f(d) = d**3 + 2*d**2 + 2*d + 36. Calculate the remainder when 245 is divided by f(0).
29
Let m(q) = -2*q**2 - 8*q + 3. Let s be m(-6). What is the remainder when 32 is divided by -6 - s - (-3)/(-1)?
8
Let n = 16 - 3. Suppose -3*d - 1 - 5 = 4*i, 3*i = 3*d - 15. Let s = d + n. Calculate the remainder when 44 is divided by s.
14
Suppose 5*b - 36 = b. Let h(r) = 4*r - 6 + b - 7. Calculate the remainder when h(12) is divided by 24.
20
Calculate the remainder when 16984/56 - 8/28 is divided by 99.
6
Suppose -268*f + 772 = -1640. Let v = -46 + 79. Calculate the remainder when v is divided by f.
6
Let r = 54 - 47. Calculate the remainder when 19 is divided by r.
5
Let f(v) = 59*v**2 + v + 8. What is the remainder when f(4) is divided by 33?
32
Suppose -352 = -3*g + 4*h, -g - 5*h + 55 + 37 = 0. Suppose -80 = -5*x + 3*w, -4*x + 4*w = -0*x - 56. Calculate the remainder when g is divided by x.
17
Let m(k) = 3*k**2 + 3*k + 7. Let a be m(-3). Suppose 0 = -2*b + a + 229. What is the remainder when b is divided by 32?
31
Suppose 0 = -2*x - x + 6. Suppose 4*w + 3*i - 82 = 0, x*i - 23 = w - 2*w. Calculate the remainder when 36 is divided by w.
17
Suppose 6 = -6*c + 36. Let b(n) = 11*n + 8. Let d be b(c). Let q = 124 - d. Calculate the remainder when q is divided by 16.
13
Let v = 1815 - 1809. What is the remainder when 174 is divided by v?
0
Suppose 0*m = 3*n + m - 146, 62 = n - 3*m. Let c = n - -159. Suppose -o - c = -5*r + o, -120 = -3*r + 3*o. Calculate the remainder when r is divided by 9.
7
Suppose -3*q = 2*m - 420, -630 = -3*q + 5*m - 189. What is the remainder whe